 2?
11101010
Convert -2 (base 3) to base 16.
-2
-5 (base 10) to base 2
-101
5 (base 14) to base 2
101
Convert -5 (base 10) to base 7.
-5
Convert -202 (base 7) to base 13.
-79
-2 (base 3) to base 2
-10
What is 166 (base 14) in base 3?
101121
Convert -28 (base 16) to base 10.
-40
What is -7 (base 8) in base 12?
-7
What is -4 (base 13) in base 2?
-100
What is -33 (base 15) in base 13?
-39
What is a (base 13) in base 15?
a
What is -111 (base 2) in base 4?
-13
What is -101 (base 6) in base 8?
-45
What is -111101 (base 2) in base 4?
-331
What is 11 (base 3) in base 10?
4
-2 (base 9) to base 14
-2
Convert -311 (base 4) to base 7.
-104
Convert 122 (base 3) to base 13.
14
Convert 38 (base 9) to base 14.
27
What is 0 (base 11) in base 4?
0
-162 (base 7) to base 13
-72
What is -2 (base 9) in base 6?
-2
What is 2 (base 6) in base 3?
2
Convert 0 (base 5) to base 2.
0
Convert -10100 (base 2) to base 15.
-15
What is 45 (base 11) in base 5?
144
What is 110 (base 7) in base 11?
51
Convert 7 (base 15) to base 16.
7
Convert 60 (base 9) to base 8.
66
-8 (base 9) to base 8
-10
Convert -20 (base 3) to base 12.
-6
Convert 41 (base 8) to base 5.
113
Convert 3 (base 13) to base 12.
3
187 (base 11) to base 10
216
Convert 100 (base 4) to base 8.
20
What is -27 (base 10) in base 9?
-30
What is 98 (base 14) in base 10?
134
What is 120 (base 5) in base 16?
23
What is 4c (base 14) in base 11?
62
What is 6 (base 15) in base 2?
110
What is -111 (base 2) in base 13?
-7
-167 (base 15) to base 16
-142
Convert 4 (base 15) to base 13.
4
What is -25 (base 16) in base 14?
-29
What is 1a9 (base 11) in base 14?
132
1121 (base 3) to base 12
37
3 (base 5) to base 12
3
228 (base 13) to base 8
564
-64 (base 9) to base 16
-3a
What is 37 (base 8) in base 14?
23
111 (base 10) to base 7
216
25 (base 6) to base 7
23
What is -155 (base 10) in base 4?
-2123
What is -5 (base 13) in base 14?
-5
13 (base 4) to base 3
21
What is 11 (base 3) in base 16?
4
Convert 1000 (base 3) to base 12.
23
What is 13 (base 11) in base 9?
15
Convert -7 (base 13) to base 7.
-10
3 (base 4) to base 5
3
-4 (base 8) to base 9
-4
35 (base 10) to base 11
32
Convert 0 (base 7) to base 6.
0
Convert -1 (base 14) to base 3.
-1
What is -265 (base 7) in base 16?
-91
202 (base 6) to base 15
4e
What is 0 (base 9) in base 4?
0
Convert 130 (base 6) to base 11.
4a
What is -22 (base 8) in base 14?
-14
Convert -5 (base 12) to base 13.
-5
What is -13 (base 12) in base 16?
-f
Convert -2 (base 11) to base 14.
-2
-21 (base 16) to base 4
-201
1b (base 12) to base 10
23
What is -4 (base 8) in base 11?
-4
What is 1 (base 5) in base 8?
1
What is 9 (base 15) in base 3?
100
What is 0 (base 14) in base 16?
0
111 (base 3) to base 6
21
Convert 4 (base 5) to base 3.
11
Convert -10 (base 5) to base 9.
-5
-56 (base 11) to base 7
-115
Convert 10112 (base 3) to base 13.
74
What is -107 (base 16) in base 2?
-100000111
What is -57 (base 11) in base 16?
-3e
2 (base 8) to base 13
2
40 (base 7) to base 9
31
21 (base 5) to base 11
10
Convert -1 (base 11) to base 9.
-1
What is -174 (base 8) in base 9?
-147
What is -3 (base 9) in base 8?
-3
Convert 14 (base 9) to base 10.
13
-3 (base 5) to base 6
-3
110 (base 3) to base 15
c
232 (base 7) to base 10
121
Convert -15 (base 12) to base 5.
-32
4 (base 16) to base 3
11
2 (base 6) to base 15
2
Convert -1 (base 7) to base 11.
-1
0 (base 3) to base 2
0
Convert -7 (base 9) to base 11.
-7
Convert -38 (base 14) to base 4.
-302
10 (base 7) to base 2
111
Convert -233 (base 7) to base 8.
-172
20 (base 10) to base 11
19
What is -6 (base 15) in base 6?
-10
What is 1 (base 13) in base 2?
1
3 (base 4) to base 7
3
Convert -10111 (base 2) to base 9.
-25
What is -8 (base 15) in base 2?
-1000
11 (base 2) to base 11
3
What is -1 (base 3) in base 7?
-1
-20 (base 8) to base 6
-24
What is 11 (base 9) in base 7?
13
5 (base 8) to base 4
11
Convert -163 (base 9) to base 12.
-b6
What is 14 (base 10) in base 3?
112
What is 54 (base 7) in base 9?
43
What is 3 (base 10) in base 3?
10
13 (base 8) to base 12
b
Convert 6 (base 7) to base 14.
6
-2001 (base 3) to base 5
-210
What is 3 (base 13) in base 9?
3
Convert -10 (base 7) to base 14.
-7
What is 3 (base 15) in base 6?
3
Convert -21 (base 14) to base 12.
-25
What is 1 (base 2) in base 14?
1
Convert -344 (base 5) to base 13.
-78
Convert 100 (base 9) to base 10.
81
What is -40 (base 5) in base 12?
-18
Convert 265 (base 11) to base 8.
471
-3e (base 16) to base 7
-116
9 (base 12) to base 6
13
-d (base 15) to base 10
-13
2b (base 12) to base 13
29
0 (base 12) to base 10
0
2 (base 12) to base 15
2
Convert 144 (base 6) to base 12.
54
-100 (base 2) to base 4
-10
Convert -4 (base 7) to base 2.
-100
What is 16 (base 10) in base 7?
22
94 (base 13) to base 4
1321
Convert 15 (base 15) to base 16.
14
-100101 (base 3) to base 4
-3331
0 (base 12) to base 13
0
-12 (base 6) to base 7
-11
Convert -3 (base 9) to base 7.
-3
What is -75 (base 9) in base 13?
-53
-2020 (base 3) to base 16
-3c
Convert -1c (base 16) to base 3.
-1001
What is -11 (base 3) in base 13?
-4
Convert -2 (base 11) to base 7.
-2
Convert 53 (base 9) to base 10.
48
Convert 3 (base 9) to base 3.
10
Convert -10 (base 15) to base 11.
-14
What is -55 (base 13) in base 8?
-106
-9 (base 10) to base 14
-9
-166 (base 16) to base 9
-437
What is -6 (base 13) in base 4?
-12
-6 (base 13) to base 9
-6
What is -2 (base 10) in base 15?
-2
Convert 1 (base 7) to base 6.
1
6 (base 10) to base 13
6
What is 3 (base 15) in base 2?
11
What is -12 (base 6) in base 15?
-8
Convert 24 (base 11) to base 14.
1c
4 (base 16) to base 2
100
2 (base 13) to base 8
2
What is -12 (base 8) in base 4?
-22
What is -100 (base 2) in base 10?
-4
Convert 236 (base 8) to base 6.
422
Convert -7 (base 12) to base 2.
-111
-2 (base 12) to base 10
-2
-156 (base 8) to base 9
-132
-3d (base 14) to base 5
-210
151 (base 9) to base 13
9a
What is -4 (base 7) in base 14?
-4
Convert -20 (base 13) to base 3.
-222
Convert 2010 (base 3) to base 4.
321
What is -17 (base 12) in base 8?
-23
328 (base 9) to base 15
12e
What is 2121 (base 3) in base 6?
154
-2112 (base 3) to base 4
-1010
What is -a (base 15) in base 8?
-12
1030 (base 4) to base 11
6a
What is 3 (base 10) in base 15?
3
-100111 (base 2) to base 7
-54
Convert -9 (base 15) to base 14.
-9
What is -5 (base 9) in base 10?
-5
What is 1040 (base 5) in base 6?
401
110 (base 4) to base 13
17
11 (base 4) to base 16
5
Convert 100101 (base 2) to base 16.
25
What is 16 (base 12) in base 16?
12
-2b (base 15) to base 14
-2d
-3 (base 11) to base 3
-10
What is -11 (base 9) in base 11?
-a
What is -32 (base 5) in base 8?
-21
1 (base 13) to base 6
1
Convert -100 (base 2) to base 11.
-4
What is 11210 (base 3) in base 12?
a9
What is 2 (base 4) in base 14?
2
12 (base 11) to base 9
14
5 (base 6) to base 10
5
What is 250 (base 8) in base 5?
1133
What is 13 (base 4) in base 8?
7
What is -222 (base 3) in base 5?
-101
What is -12200 (base 3) in base 9?
-180
What is -2 (base 14) in base 12?
-2
0 (base 12) to base 9
0
Convert 2 (base 16) to base 6.
2
What is 3 (base 7) in base 12?
3
-b (base 14) to base 15
-b
16 (base 9) to base 8
17
What is -36 (base 7) in base 5?
-102
What is 18 (base 13) in base 8?
25
Convert -2 (base 16) to base 10.
-2
What is -33 (base 5) in base 7?
-24
Convert -10 (base 4) to base 9.
-4
What is -1 (base 8) in base 4?
-1
-40 (base 14) to base 6
-132
Convert 0 (base 5) to base 12.
0
What is 21 (base 6) in base 13?
10
Convert 100 (base 3) to base 2.
1001
-60 (base 11) to base 7
-123
Convert 3 (base 8) to base 12.
3
Convert -10 (base 5) to base 3.
-12
195 (base 13) to base 2
100100011
Convert -106 (base 12) to base 7.
-303
-3 (base 15) to base 8
-3
Convert 2 (base 6) to base 12.
2
180 (base 11) to base 14
10d
What is 39 (base 11) in base 14?
30
9 (base 16) to base 13
9
What is -51 (base 12) in base 3?
-2021
Convert -13 (base 5) to base 16.
-8
-27 (base 12) to base 5
-111
Convert 29 (base 10) to base 11.
27
What is 47 (base 12) in base 5?
210
What is -15 (base 16) in base 5?
-41
77 (base 9) to base 3
2121
What is 200 (base 4) in base 10?
32
-12 (base 15) to base 14
-13
What is 1 (base 2) in base 13?
1
Convert -24 (base 11) to base 13.
-20
What is 69 (base 14) in base 2?
1011101
Convert 3 (base 16) to base 8.
3
8 (base 16) to base 15
8
-87 (base 12) to base